92
What is -2c0 (base 15) in base 4?
-21312
4951 (base 10) to base 15
1701
What is 25a43 (base 11) in base 7?
213303
What is -2146 (base 11) in base 2?
-101100010001
What is -2d1 (base 14) in base 15?
-285
Convert -243 (base 10) to base 6.
-1043
Convert 12233032 (base 4) to base 9.
41764
7efb (base 16) to base 11
22472
Convert -404 (base 16) to base 7.
-2666
Convert 5002 (base 11) to base 7.
25260
What is 4034 (base 11) in base 15?
18c6
101202 (base 3) to base 14
16a
Convert -1174 (base 10) to base 12.
-81a
10b6 (base 12) to base 11
1447
Convert -112030 (base 4) to base 6.
-10324
What is 1034 (base 6) in base 8?
356
What is -4603 (base 10) in base 11?
-3505
Convert -100011010 (base 2) to base 6.
-1150
Convert 1581 (base 11) to base 16.
7e9
What is -1110100110100001 (base 2) in base 14?
-17b21
-1066a (base 11) to base 15
-4898
Convert -398a (base 11) to base 7.
-21050
157a3 (base 14) to base 10
53651
What is e100 (base 15) in base 12?
23583
What is -1000011001011 (base 2) in base 15?
-1419
Convert 212200002 (base 3) to base 8.
41547
What is 10323 (base 4) in base 11?
267
Convert -37576 (base 8) to base 16.
-3f7e
What is -6938 (base 10) in base 14?
-2758
Convert 81b2 (base 13) to base 10.
17890
What is 2c0 (base 14) in base 4?
20300
What is 5a1 (base 13) in base 4?
33100
What is 1101220 (base 3) in base 14?
531
Convert -222 (base 4) to base 14.
-30
3382 (base 10) to base 14
1338
Convert -10202120 (base 3) to base 15.
-c2c
What is -492 (base 11) in base 6?
-2413
What is 1132 (base 8) in base 15?
2a2
Convert -12752 (base 9) to base 10.
-8633
Convert 22122222 (base 3) to base 11.
4823
What is a2d (base 14) in base 7?
5556
Convert -3646 (base 7) to base 14.
-6cd
24756 (base 13) to base 11
46509
What is 4f (base 16) in base 3?
2221
177 (base 13) to base 15
12c
What is -10111 (base 3) in base 9?
-114
67c8 (base 15) to base 5
1201023
2165 (base 9) to base 15
718
Convert -637 (base 15) to base 16.
-57a
3448 (base 9) to base 12
158b
-10002 (base 7) to base 2
-100101100011
Convert 739 (base 13) to base 3.
1200121
2203 (base 4) to base 15
ad
Convert 159 (base 16) to base 4.
11121
14d8a (base 15) to base 13
24769
-100101110 (base 2) to base 11
-255
-60631 (base 7) to base 16
-3982
Convert -9a1 (base 12) to base 16.
-589
What is -1100101000 (base 2) in base 16?
-328
What is -1789 (base 11) in base 6?
-14311
101110111 (base 2) to base 12
273
Convert -114151 (base 7) to base 3.
-1001100101
14072 (base 13) to base 4
21021002
What is 669 (base 10) in base 5?
10134
-1727 (base 10) to base 9
-2328
40534 (base 6) to base 14
1d6a
What is 485 (base 11) in base 4?
21001
12619 (base 10) to base 7
51535
10e (base 15) to base 3
22212
2323320 (base 4) to base 11
9041
Convert -135 (base 11) to base 6.
-423
What is 1697 (base 13) in base 7?
12503
Convert -1131 (base 5) to base 9.
-204
What is 24928 (base 11) in base 15?
a8ba
What is -44130 (base 5) in base 13?
-14cb
101100101 (base 3) to base 7
30664
-45161 (base 7) to base 3
-120122122
Convert -12212211 (base 3) to base 4.
-1003000
What is 46c2 (base 15) in base 5?
440112
313333 (base 5) to base 13
49c3
Convert -24b (base 15) to base 7.
-1343
-64616 (base 8) to base 12
-1377a
-211202 (base 3) to base 14
-31c
Convert -2312223 (base 4) to base 3.
-121001000
What is -322 (base 7) in base 6?
-431
What is -3db (base 15) in base 5?
-12011
-33231312 (base 4) to base 13
-233bb
-27d (base 15) to base 2
-1000111000
Convert -3114 (base 12) to base 14.
-1d3a
What is -18773 (base 14) in base 9?
-103742
What is -4424 (base 5) in base 14?
-31c
30022 (base 6) to base 12
2312
-317 (base 8) to base 15
-dc
Convert 1916 (base 14) to base 13.
20a4
-60 (base 8) to base 6
-120
What is -1011101 (base 4) in base 8?
-10521
2e1 (base 16) to base 9
1008
What is 423551 (base 6) in base 16?
86fb
What is -3555 (base 6) in base 13?
-515
Convert 1101010000001001 (base 2) to base 10.
54281
Convert 1440 (base 5) to base 16.
f5
-111001001 (base 2) to base 14
-249
-547 (base 8) to base 2
-101100111
Convert -1055 (base 6) to base 14.
-13d
-312 (base 5) to base 15
-57
-4226 (base 9) to base 15
-dbc
23233 (base 5) to base 2
11010011101
32 (base 9) to base 5
104
-1311 (base 4) to base 14
-85
What is -100012 (base 4) in base 5?
-13110
Convert -37bd (base 16) to base 5.
-424034
What is -7705 (base 10) in base 7?
-31315
What is -60 (base 7) in base 4?
-222
-2208 (base 13) to base 9
-6446
-1100111 (base 2) to base 15
-6d
1a5a (base 14) to base 7
16643
What is 12515 (base 6) in base 16?
77f
-68 (base 12) to base 11
-73
Convert -486 (base 9) to base 13.
-24c
Convert 8545 (base 11) to base 8.
26046
What is 524113 (base 6) in base 2?
1010010110001101
What is 20112 (base 5) in base 13?
778
What is -4563 (base 8) in base 11?
-18aa
What is 364 (base 10) in base 3?
111111
What is -132000 (base 4) in base 7?
-5412
What is -114136 (base 9) in base 11?
-47630
10025 (base 7) to base 2
100101110100
-1778 (base 9) to base 15
-612
What is -b7 (base 14) in base 12?
-115
Convert 1112000022 (base 3) to base 8.
72311
Convert 1233 (base 6) to base 5.
2214
db33 (base 14) to base 5
2202443
3210 (base 12) to base 16
156c
Convert 50652 (base 9) to base 4.
20020322
Convert 270d (base 15) to base 11.
62a0
8864 (base 10) to base 4
2022200
677 (base 9) to base 15
271
Convert 6300 (base 7) to base 3.
10000200
What is 1549 (base 11) in base 9?
2650
Convert 134 (base 10) to base 13.
a4
-22 (base 3) to base 4
-20
Convert 102 (base 6) to base 11.
35
Convert aa18 (base 12) to base 9.
27632
What is 1111011 (base 3) in base 2?
10000111100
Convert -4a7 (base 12) to base 11.
-58a
1132001 (base 5) to base 4
11012030
What is 120112200 (base 3) in base 6?
124243
What is -21150 (base 6) in base 14?
-1094
What is 11021111 (base 3) in base 14?
11ca
What is -353 (base 12) in base 13?
-2c1
Convert 1dc (base 15) to base 12.
300
Convert -1630 (base 15) to base 9.
-6480
Convert -3003 (base 5) to base 9.
-460
a1d (base 16) to base 4
220131
ad3d (base 15) to base 2
1000111101111101
Convert 20a (base 15) to base 2.
111001100
What is -2fe5 (base 16) in base 14?
-467b
Convert 143 (base 16) to base 7.
641
-559 (base 11) to base 14
-35b
Convert -397 (base 16) to base 13.
-559
What is -10a34 (base 12) in base 15?
-68b1
What is 23531 (base 6) in base 2?
110101101111
What is 247 (base 14) in base 16?
1c7
What is 33650 (base 8) in base 14?
529a
Convert -11010101110 (base 2) to base 12.
-ba6
What is -978 (base 13) in base 12?
-b30
What is -100055 (base 7) in base 16?
-41cf
Convert -31027 (base 10) to base 8.
-74463
Convert 2b6a (base 12) to base 3.
21000201
What is -61422 (base 8) in base 11?
-18067
What is -15141 (base 6) in base 3?
-10100021
-188 (base 9) to base 6
-425
What is 2161a (base 12) in base 2?
1010110000110110
-112423 (base 6) to base 13
-4524
-1032 (base 7) to base 8
-556
Convert 26a (base 11) to base 14.
18a
Convert 101113 (base 4) to base 14.
595
408 (base 9) to base 2
101001100
Convert 2c1b (base 14) to base 15.
24e5
1010010000101 (base 2) to base 6
40153
-19167 (base 11) to base 4
-12202332
5044 (base 11) to base 4
1220233
Convert -213 (base 7) to base 15.
-73
23101 (base 5) to base 3
2021011
Convert -8969 (base 11) to base 12.
-6a04
-1000000001 (base 2) to base 8
-1001
What is -20873 (base 9) in base 11?
-a439
5828 (base 11) to base 2
1110111100101
-10121100 (base 3) to base 14
-d5a
Convert -327 (base 15) to base 11.
-598
What is 1763 (base 8) in base 11?
83a
Convert -750a (base 14) to base 8.
-47346
What is 8adc (base 16) in base 15?
a7ed
111011101100011 (base 2) to base 12
1582b
What is -3a89 (base 11) in base 4?
-1102310
1013311 (base 4) to base 3
20022021
Convert 2202 (base 6) to base 3.
200202
What is -1a3 (base 14) in base 13?
-201
d652 (base 15) to base 12
22272
210145 (base 6) to base 5
1020123
Convert -3926 (base 12) to base 11.
-4989
5386 (base 9) to base 3
12102220
What is -5626 (base 7) in base 11?
-1585
What is 218cb (base 14) in base 9?
133488
What is -16614 (base 8) in base 13?
-359b
120325 (base 7) to base 3
1002212111
-111111001001 (base 2) to base 3
-12112200
5585 (base 16) to base 6
245205
2143 (base 12) to base 15
1136
Convert -b77 (base 15) to base 14.
-d2b
Convert -1527 (base 9) to base 2.
-10010000111
-4025 (base 6) to base 9
-1178
Convert -202023 (base 4) to base 16.
-88b
What is